{"id":164,"date":"2021-04-28T05:04:22","date_gmt":"2021-04-28T05:04:22","guid":{"rendered":"http:\/\/imcoleccion.com\/?post_type=product&#038;p=164"},"modified":"2023-09-12T23:53:29","modified_gmt":"2023-09-13T04:53:29","slug":"short-summer-coleccion-gris","status":"publish","type":"product","link":"https:\/\/imcoleccion.com\/en\/product\/short-summer-coleccion-gris\/","title":{"rendered":"Short Summer Colecci\u00f3n Gris"},"content":{"rendered":"<p>Estos short son m\u00e1s que incre\u00edbles te permiten hacer cualquier cosa de forma c\u00f3moda, tiene climatex para absorber el sudor.<br \/>\nLa tela es ligera y suave dando una sensaci\u00f3n c\u00f3moda.<\/p>","protected":false},"excerpt":{"rendered":"<p>Estos short son m\u00e1s que incre\u00edbles te permiten hacer cualquier cosa de forma c\u00f3moda, tiene climatex para absorber el sudor.<br \/>\nLa tela es ligera y suave dando una sensaci\u00f3n c\u00f3moda.<\/p>","protected":false},"featured_media":168,"template":"","meta":{"_themeisle_gutenberg_block_has_review":false},"product_brand":[],"product_cat":[20],"product_tag":[],"class_list":{"0":"post-164","1":"product","2":"type-product","3":"status-publish","4":"has-post-thumbnail","6":"product_cat-shorts","8":"entry","9":"has-media","11":"first","12":"instock","13":"purchasable","14":"product-type-variable","15":"has-product-nav","16":"col","17":"span_1_of_3","18":"owp-content-center","19":"owp-thumbs-layout-horizontal","20":"owp-btn-normal","21":"owp-tabs-layout-horizontal"},"_links":{"self":[{"href":"https:\/\/imcoleccion.com\/en\/wp-json\/wp\/v2\/product\/164","targetHints":{"allow":["GET"]}}],"collection":[{"href":"https:\/\/imcoleccion.com\/en\/wp-json\/wp\/v2\/product"}],"about":[{"href":"https:\/\/imcoleccion.com\/en\/wp-json\/wp\/v2\/types\/product"}],"wp:featuredmedia":[{"embeddable":true,"href":"https:\/\/imcoleccion.com\/en\/wp-json\/wp\/v2\/media\/168"}],"wp:attachment":[{"href":"https:\/\/imcoleccion.com\/en\/wp-json\/wp\/v2\/media?parent=164"}],"wp:term":[{"taxonomy":"product_brand","embeddable":true,"href":"https:\/\/imcoleccion.com\/en\/wp-json\/wp\/v2\/product_brand?post=164"},{"taxonomy":"product_cat","embeddable":true,"href":"https:\/\/imcoleccion.com\/en\/wp-json\/wp\/v2\/product_cat?post=164"},{"taxonomy":"product_tag","embeddable":true,"href":"https:\/\/imcoleccion.com\/en\/wp-json\/wp\/v2\/product_tag?post=164"}],"curies":[{"name":"wp","href":"https:\/\/api.w.org\/{rel}","templated":true}]}}

Short Summer Colección Gris

<p>Estos short son más que increíbles te permiten hacer cualquier cosa de forma cómoda, tiene climatex para absorber el sudor.<br />
La tela es ligera y suave dando una sensación cómoda.</p>
