{"id":1550,"date":"2021-08-11T23:20:19","date_gmt":"2021-08-12T04:20:19","guid":{"rendered":"http:\/\/imcoleccion.com\/?post_type=product&#038;p=1550"},"modified":"2022-07-01T14:33:06","modified_gmt":"2022-07-01T19:33:06","slug":"short-im-coleccion-militar","status":"publish","type":"product","link":"https:\/\/imcoleccion.com\/en\/product\/short-im-coleccion-militar\/","title":{"rendered":"Short IM Coleccion &#8211; Militar"},"content":{"rendered":"<p>Esta Colecci\u00f3n de short te har\u00e1 sentir muy c\u00f3modo, ya que la tela fue seleccionada cuidadosamente para poder darte esa sensaci\u00f3n de frescura y al mismo tiempo ligera y suave, es ideal para un d\u00eda de ejercicio en gym o al aire libre, ya que es drive fit, esto quiere decir que seca el sudor inmediato no se mantiene mojado.<br \/>\nAdem\u00e1s de que el dise\u00f1o fue hecho para poder brindarte comodidad al mismo tiempo un estilo \u00fanico.<br \/>\nEst\u00e1n en 3 colores disponibles. &#8211; Militar &#8211; Negro &#8211; Gris<\/p>\n<p>Composici\u00f3n:<br \/>\nPoli\u00e9ster 70% Licka 30%<\/p>","protected":false},"excerpt":{"rendered":"<p>Esta Colecci\u00f3n de short te har\u00e1 sentir muy c\u00f3modo, ya que la tela fue seleccionada cuidadosamente para poder darte esa sensaci\u00f3n de frescura y al mismo tiempo ligera y suave, es ideal para un d\u00eda de ejercicio en gym o al aire libre, ya que es drive fit, esto quiere decir que seca el sudor [&hellip;]<\/p>\n","protected":false},"featured_media":1548,"template":"","meta":{"_themeisle_gutenberg_block_has_review":false},"product_brand":[],"product_cat":[20],"product_tag":[],"class_list":{"0":"post-1550","1":"product","2":"type-product","3":"status-publish","4":"has-post-thumbnail","6":"product_cat-shorts","8":"entry","9":"has-media","11":"first","12":"outofstock","13":"purchasable","14":"product-type-variable","15":"has-product-nav","16":"col","17":"span_1_of_3","18":"owp-content-center","19":"owp-thumbs-layout-horizontal","20":"owp-btn-normal","21":"owp-tabs-layout-horizontal"},"_links":{"self":[{"href":"https:\/\/imcoleccion.com\/en\/wp-json\/wp\/v2\/product\/1550","targetHints":{"allow":["GET"]}}],"collection":[{"href":"https:\/\/imcoleccion.com\/en\/wp-json\/wp\/v2\/product"}],"about":[{"href":"https:\/\/imcoleccion.com\/en\/wp-json\/wp\/v2\/types\/product"}],"wp:featuredmedia":[{"embeddable":true,"href":"https:\/\/imcoleccion.com\/en\/wp-json\/wp\/v2\/media\/1548"}],"wp:attachment":[{"href":"https:\/\/imcoleccion.com\/en\/wp-json\/wp\/v2\/media?parent=1550"}],"wp:term":[{"taxonomy":"product_brand","embeddable":true,"href":"https:\/\/imcoleccion.com\/en\/wp-json\/wp\/v2\/product_brand?post=1550"},{"taxonomy":"product_cat","embeddable":true,"href":"https:\/\/imcoleccion.com\/en\/wp-json\/wp\/v2\/product_cat?post=1550"},{"taxonomy":"product_tag","embeddable":true,"href":"https:\/\/imcoleccion.com\/en\/wp-json\/wp\/v2\/product_tag?post=1550"}],"curies":[{"name":"wp","href":"https:\/\/api.w.org\/{rel}","templated":true}]}}

<p>Esta Colección de short te hará sentir muy cómodo, ya que la tela fue seleccionada cuidadosamente para poder darte esa sensación de frescura y al mismo tiempo ligera y suave, es ideal para un día de ejercicio en gym o al aire libre, ya que es drive fit, esto quiere decir que seca el sudor inmediato no se mantiene mojado.<br />
Además de que el diseño fue hecho para poder brindarte comodidad al mismo tiempo un estilo único.<br />
Están en 3 colores disponibles. &#8211; Militar &#8211; Negro &#8211; Gris</p>
<p>Composición:<br />
Poliéster 70% Licka 30%</p>

<p>Esta Colección de short te hará sentir muy cómodo, ya que la tela fue seleccionada cuidadosamente para poder darte esa sensación de frescura y al mismo tiempo ligera y suave, es ideal para un día de ejercicio en gym o al aire libre, ya que es drive fit, esto quiere decir que seca el sudor [&hellip;]</p>
